{"id":100,"date":"2019-06-24T01:09:29","date_gmt":"2019-06-24T04:09:29","guid":{"rendered":"http:\/\/tiaguiar.com\/?page_id=100"},"modified":"2024-08-11T09:14:49","modified_gmt":"2024-08-11T12:14:49","slug":"urologista","status":"publish","type":"page","link":"https:\/\/tiaguiar.com\/index.php\/urologista\/","title":{"rendered":"UROLOGISTA"},"content":{"rendered":"\n<p>\u00a0 \u00a0A maioria das pessoas relaciona o urologista ao tratamento de c\u00e1lculos ou ao cuidado com a pr\u00f3stata. \u00c9 inevit\u00e1vel, quando as pessoas descobrem que sou urologista, o coment\u00e1rio sobre o exame de toque retal. Somos tamb\u00e9m lembrados por cuidar do p\u00eanis e das doen\u00e7as sexualmente transmiss\u00edveis. Mas os urologistas s\u00e3o mais que isso.<\/p>\n\n\n<div class=\"wp-block-image\">\n<figure class=\"aligncenter size-large is-resized\"><img loading=\"lazy\" decoding=\"async\" src=\"https:\/\/tiaguiar.com\/wp-content\/uploads\/2024\/08\/tiago-novo-1-683x1024.jpg\" alt=\"Urologista: Dr. Tiago Aguiar\" class=\"wp-image-7336\" width=\"426\" height=\"639\" srcset=\"https:\/\/tiaguiar.com\/wp-content\/uploads\/2024\/08\/tiago-novo-1-683x1024.jpg 683w, https:\/\/tiaguiar.com\/wp-content\/uploads\/2024\/08\/tiago-novo-1-200x300.jpg 200w, https:\/\/tiaguiar.com\/wp-content\/uploads\/2024\/08\/tiago-novo-1-768x1152.jpg 768w, https:\/\/tiaguiar.com\/wp-content\/uploads\/2024\/08\/tiago-novo-1-1024x1536.jpg 1024w, https:\/\/tiaguiar.com\/wp-content\/uploads\/2024\/08\/tiago-novo-1-1365x2048.jpg 1365w, https:\/\/tiaguiar.com\/wp-content\/uploads\/2024\/08\/tiago-novo-1-600x900.jpg 600w, https:\/\/tiaguiar.com\/wp-content\/uploads\/2024\/08\/tiago-novo-1-40x60.jpg 40w, https:\/\/tiaguiar.com\/wp-content\/uploads\/2024\/08\/tiago-novo-1-60x90.jpg 60w, https:\/\/tiaguiar.com\/wp-content\/uploads\/2024\/08\/tiago-novo-1-scaled.jpg 1707w\" sizes=\"auto, (max-width: 426px) 100vw, 426px\" \/><\/figure>\n<\/div>\n\n\n<p>\u00a0 \u00a0 \u00a0 \u00a0Urologistas s\u00e3o m\u00e9dicos. No <a href=\"http:\/\/iup.com.br\">IUP <\/a>queremos que os pacientes tenham suas queixas ouvidas e valorizadas. Queremos que nossos pacientes sempre estejam amparados e por isso temos um plant\u00e3o de urologia.<\/p>\n\n\n\n<p>\u00a0 \u00a0 \u00a0 \u00a0O que mais o urologista faz? Nos rins, tratamos tamb\u00e9m os tumores, cistos e problemas que podemos apresentar ao nascimento. A bexiga pode apresentar tumores e alguns problemas de mal funcionamento. Esses \u00faltimos podem levar ao represamento da urina e tamb\u00e9m \u00e0 incapacidade de armazen\u00e1-la, o que leva incontin\u00eancia. As <a href=\"https:\/\/tiaguiar.com\/index.php\/2019\/06\/24\/mulher-urologista\/\">mulheres<\/a>, inclusive ,devem procurar o urologista caso n\u00e3o consigam segurar a urina. Lembro tamb\u00e9m as infec\u00e7\u00f5es urin\u00e1rias, t\u00e3o comuns\u00a0 no sexo feminino. Na pr\u00f3stata h\u00e1 o temido c\u00e2ncer, mas h\u00e1 tamb\u00e9m o aumento benigno. No test\u00edculo, podemos ajudar os casais a terem filhos no caso de infertilidade e a planejar suas fam\u00edlias com a vasectomia. C\u00e2ncer pode acometer test\u00edculos de pacientes jovens, assim como infec\u00e7\u00f5es e tor\u00e7\u00f5es. No p\u00eanis, al\u00e9m das DSTs, existe c\u00e2ncer e a t\u00e3o famosa fimose. N\u00e3o vamos nos esquecer da ejacula\u00e7\u00e3o r\u00e1pida e da disfun\u00e7\u00e3o er\u00e9til, mais conhecida como impot\u00eancia sexual.<\/p>\n\n\n\n<p>&nbsp; &nbsp; &nbsp;Quantas doen\u00e7as s\u00e3o da \u00e1rea de atua\u00e7\u00e3o do urologista, n\u00e3o? Existem outras, mas n\u00e3o enumerarei todas aqui. Lembre-se que caso precise de ajuda, o IUP est\u00e1 a postos para ajudar.<\/p>\n","protected":false},"excerpt":{"rendered":"<p>\u00a0 \u00a0A maioria das pessoas relaciona o urologista ao tratamento de c\u00e1lculos ou ao cuidado com a pr\u00f3stata. \u00c9 inevit\u00e1vel, quando as pessoas descobrem que sou urologista, o coment\u00e1rio sobre o exame de toque retal. Somos tamb\u00e9m lembrados por cuidar do p\u00eanis e das doen\u00e7as sexualmente transmiss\u00edveis. Mas os urologistas [&hellip;]<\/p>\n","protected":false},"author":1,"featured_media":0,"parent":0,"menu_order":0,"comment_status":"closed","ping_status":"closed","template":"","meta":{"content-type":"","_monsterinsights_skip_tracking":false,"_monsterinsights_sitenote_active":false,"_monsterinsights_sitenote_note":"","_monsterinsights_sitenote_category":0,"_themeisle_gutenberg_block_has_review":false,"footnotes":""},"class_list":["post-100","page","type-page","status-publish","hentry"],"yoast_head":"<!-- This site is optimized with the Yoast SEO plugin v27.4 - https:\/\/yoast.com\/product\/yoast-seo-wordpress\/ -->\n<title>UROLOGISTA - Urologista - Dr. Tiago Aguiar<\/title>\n<meta name=\"description\" content=\"O que faz o urologista? Ele trata os problemas urin\u00e1rios de homens e mulheres, al\u00e9m dos problemas geniais masculinos.\" \/>\n<meta name=\"robots\" content=\"index, follow, max-snippet:-1, max-image-preview:large, max-video-preview:-1\" \/>\n<link rel=\"canonical\" href=\"https:\/\/tiaguiar.com\/index.php\/urologista\/\" \/>\n<meta property=\"og:locale\" content=\"pt_BR\" \/>\n<meta property=\"og:type\" content=\"article\" \/>\n<meta property=\"og:title\" content=\"UROLOGISTA - Urologista - Dr. Tiago Aguiar\" \/>\n<meta property=\"og:description\" content=\"O que faz o urologista? Ele trata os problemas urin\u00e1rios de homens e mulheres, al\u00e9m dos problemas geniais masculinos.\" \/>\n<meta property=\"og:url\" content=\"https:\/\/tiaguiar.com\/index.php\/urologista\/\" \/>\n<meta property=\"og:site_name\" content=\"Urologista - Dr. Tiago Aguiar\" \/>\n<meta property=\"article:publisher\" content=\"https:\/\/www.facebook.com\/dr.tiagoaguiar\" \/>\n<meta property=\"article:modified_time\" content=\"2024-08-11T12:14:49+00:00\" \/>\n<meta property=\"og:image\" content=\"https:\/\/tiaguiar.com\/wp-content\/uploads\/2024\/08\/tiago-novo-1-683x1024.jpg\" \/>\n<meta name=\"twitter:card\" content=\"summary_large_image\" \/>\n<meta name=\"twitter:label1\" content=\"Est. tempo de leitura\" \/>\n\t<meta name=\"twitter:data1\" content=\"2 minutos\" \/>\n<script type=\"application\/ld+json\" class=\"yoast-schema-graph\">{\"@context\":\"https:\\\/\\\/schema.org\",\"@graph\":[{\"@type\":\"WebPage\",\"@id\":\"https:\\\/\\\/tiaguiar.com\\\/index.php\\\/urologista\\\/\",\"url\":\"https:\\\/\\\/tiaguiar.com\\\/index.php\\\/urologista\\\/\",\"name\":\"UROLOGISTA - Urologista - Dr. Tiago Aguiar\",\"isPartOf\":{\"@id\":\"https:\\\/\\\/tiaguiar.com\\\/#website\"},\"primaryImageOfPage\":{\"@id\":\"https:\\\/\\\/tiaguiar.com\\\/index.php\\\/urologista\\\/#primaryimage\"},\"image\":{\"@id\":\"https:\\\/\\\/tiaguiar.com\\\/index.php\\\/urologista\\\/#primaryimage\"},\"thumbnailUrl\":\"https:\\\/\\\/tiaguiar.com\\\/wp-content\\\/uploads\\\/2024\\\/08\\\/tiago-novo-1-683x1024.jpg\",\"datePublished\":\"2019-06-24T04:09:29+00:00\",\"dateModified\":\"2024-08-11T12:14:49+00:00\",\"description\":\"O que faz o urologista? Ele trata os problemas urin\u00e1rios de homens e mulheres, al\u00e9m dos problemas geniais masculinos.\",\"breadcrumb\":{\"@id\":\"https:\\\/\\\/tiaguiar.com\\\/index.php\\\/urologista\\\/#breadcrumb\"},\"inLanguage\":\"pt-BR\",\"potentialAction\":[{\"@type\":\"ReadAction\",\"target\":[\"https:\\\/\\\/tiaguiar.com\\\/index.php\\\/urologista\\\/\"]}]},{\"@type\":\"ImageObject\",\"inLanguage\":\"pt-BR\",\"@id\":\"https:\\\/\\\/tiaguiar.com\\\/index.php\\\/urologista\\\/#primaryimage\",\"url\":\"https:\\\/\\\/tiaguiar.com\\\/wp-content\\\/uploads\\\/2024\\\/08\\\/tiago-novo-1-scaled.jpg\",\"contentUrl\":\"https:\\\/\\\/tiaguiar.com\\\/wp-content\\\/uploads\\\/2024\\\/08\\\/tiago-novo-1-scaled.jpg\",\"width\":1707,\"height\":2560,\"caption\":\"Urologista: Dr. Tiago Aguiar\"},{\"@type\":\"BreadcrumbList\",\"@id\":\"https:\\\/\\\/tiaguiar.com\\\/index.php\\\/urologista\\\/#breadcrumb\",\"itemListElement\":[{\"@type\":\"ListItem\",\"position\":1,\"name\":\"In\u00edcio\",\"item\":\"https:\\\/\\\/tiaguiar.com\\\/\"},{\"@type\":\"ListItem\",\"position\":2,\"name\":\"UROLOGISTA\"}]},{\"@type\":\"WebSite\",\"@id\":\"https:\\\/\\\/tiaguiar.com\\\/#website\",\"url\":\"https:\\\/\\\/tiaguiar.com\\\/\",\"name\":\"Urologista - Dr. Tiago Aguiar\",\"description\":\"Urologista Piracicaba\",\"publisher\":{\"@id\":\"https:\\\/\\\/tiaguiar.com\\\/#organization\"},\"potentialAction\":[{\"@type\":\"SearchAction\",\"target\":{\"@type\":\"EntryPoint\",\"urlTemplate\":\"https:\\\/\\\/tiaguiar.com\\\/?s={search_term_string}\"},\"query-input\":{\"@type\":\"PropertyValueSpecification\",\"valueRequired\":true,\"valueName\":\"search_term_string\"}}],\"inLanguage\":\"pt-BR\"},{\"@type\":\"Organization\",\"@id\":\"https:\\\/\\\/tiaguiar.com\\\/#organization\",\"name\":\"Dr. Tiago Aguiar\",\"url\":\"https:\\\/\\\/tiaguiar.com\\\/\",\"logo\":{\"@type\":\"ImageObject\",\"inLanguage\":\"pt-BR\",\"@id\":\"https:\\\/\\\/tiaguiar.com\\\/#\\\/schema\\\/logo\\\/image\\\/\",\"url\":\"https:\\\/\\\/tiaguiar.com\\\/wp-content\\\/uploads\\\/2019\\\/06\\\/Logo.png\",\"contentUrl\":\"https:\\\/\\\/tiaguiar.com\\\/wp-content\\\/uploads\\\/2019\\\/06\\\/Logo.png\",\"width\":832,\"height\":146,\"caption\":\"Dr. Tiago Aguiar\"},\"image\":{\"@id\":\"https:\\\/\\\/tiaguiar.com\\\/#\\\/schema\\\/logo\\\/image\\\/\"},\"sameAs\":[\"https:\\\/\\\/www.facebook.com\\\/dr.tiagoaguiar\",\"https:\\\/\\\/www.instagram.com\\\/dr.tiagoaguiar\\\/\",\"https:\\\/\\\/www.youtube.com\\\/channel\\\/UCeaku16SlKgJJbQfdv09x3w\"]}]}<\/script>\n<!-- \/ Yoast SEO plugin. -->","yoast_head_json":{"title":"UROLOGISTA - Urologista - Dr. Tiago Aguiar","description":"O que faz o urologista? Ele trata os problemas urin\u00e1rios de homens e mulheres, al\u00e9m dos problemas geniais masculinos.","robots":{"index":"index","follow":"follow","max-snippet":"max-snippet:-1","max-image-preview":"max-image-preview:large","max-video-preview":"max-video-preview:-1"},"canonical":"https:\/\/tiaguiar.com\/index.php\/urologista\/","og_locale":"pt_BR","og_type":"article","og_title":"UROLOGISTA - Urologista - Dr. Tiago Aguiar","og_description":"O que faz o urologista? Ele trata os problemas urin\u00e1rios de homens e mulheres, al\u00e9m dos problemas geniais masculinos.","og_url":"https:\/\/tiaguiar.com\/index.php\/urologista\/","og_site_name":"Urologista - Dr. Tiago Aguiar","article_publisher":"https:\/\/www.facebook.com\/dr.tiagoaguiar","article_modified_time":"2024-08-11T12:14:49+00:00","og_image":[{"url":"https:\/\/tiaguiar.com\/wp-content\/uploads\/2024\/08\/tiago-novo-1-683x1024.jpg","type":"","width":"","height":""}],"twitter_card":"summary_large_image","twitter_misc":{"Est. tempo de leitura":"2 minutos"},"schema":{"@context":"https:\/\/schema.org","@graph":[{"@type":"WebPage","@id":"https:\/\/tiaguiar.com\/index.php\/urologista\/","url":"https:\/\/tiaguiar.com\/index.php\/urologista\/","name":"UROLOGISTA - Urologista - Dr. Tiago Aguiar","isPartOf":{"@id":"https:\/\/tiaguiar.com\/#website"},"primaryImageOfPage":{"@id":"https:\/\/tiaguiar.com\/index.php\/urologista\/#primaryimage"},"image":{"@id":"https:\/\/tiaguiar.com\/index.php\/urologista\/#primaryimage"},"thumbnailUrl":"https:\/\/tiaguiar.com\/wp-content\/uploads\/2024\/08\/tiago-novo-1-683x1024.jpg","datePublished":"2019-06-24T04:09:29+00:00","dateModified":"2024-08-11T12:14:49+00:00","description":"O que faz o urologista? Ele trata os problemas urin\u00e1rios de homens e mulheres, al\u00e9m dos problemas geniais masculinos.","breadcrumb":{"@id":"https:\/\/tiaguiar.com\/index.php\/urologista\/#breadcrumb"},"inLanguage":"pt-BR","potentialAction":[{"@type":"ReadAction","target":["https:\/\/tiaguiar.com\/index.php\/urologista\/"]}]},{"@type":"ImageObject","inLanguage":"pt-BR","@id":"https:\/\/tiaguiar.com\/index.php\/urologista\/#primaryimage","url":"https:\/\/tiaguiar.com\/wp-content\/uploads\/2024\/08\/tiago-novo-1-scaled.jpg","contentUrl":"https:\/\/tiaguiar.com\/wp-content\/uploads\/2024\/08\/tiago-novo-1-scaled.jpg","width":1707,"height":2560,"caption":"Urologista: Dr. Tiago Aguiar"},{"@type":"BreadcrumbList","@id":"https:\/\/tiaguiar.com\/index.php\/urologista\/#breadcrumb","itemListElement":[{"@type":"ListItem","position":1,"name":"In\u00edcio","item":"https:\/\/tiaguiar.com\/"},{"@type":"ListItem","position":2,"name":"UROLOGISTA"}]},{"@type":"WebSite","@id":"https:\/\/tiaguiar.com\/#website","url":"https:\/\/tiaguiar.com\/","name":"Urologista - Dr. Tiago Aguiar","description":"Urologista Piracicaba","publisher":{"@id":"https:\/\/tiaguiar.com\/#organization"},"potentialAction":[{"@type":"SearchAction","target":{"@type":"EntryPoint","urlTemplate":"https:\/\/tiaguiar.com\/?s={search_term_string}"},"query-input":{"@type":"PropertyValueSpecification","valueRequired":true,"valueName":"search_term_string"}}],"inLanguage":"pt-BR"},{"@type":"Organization","@id":"https:\/\/tiaguiar.com\/#organization","name":"Dr. Tiago Aguiar","url":"https:\/\/tiaguiar.com\/","logo":{"@type":"ImageObject","inLanguage":"pt-BR","@id":"https:\/\/tiaguiar.com\/#\/schema\/logo\/image\/","url":"https:\/\/tiaguiar.com\/wp-content\/uploads\/2019\/06\/Logo.png","contentUrl":"https:\/\/tiaguiar.com\/wp-content\/uploads\/2019\/06\/Logo.png","width":832,"height":146,"caption":"Dr. Tiago Aguiar"},"image":{"@id":"https:\/\/tiaguiar.com\/#\/schema\/logo\/image\/"},"sameAs":["https:\/\/www.facebook.com\/dr.tiagoaguiar","https:\/\/www.instagram.com\/dr.tiagoaguiar\/","https:\/\/www.youtube.com\/channel\/UCeaku16SlKgJJbQfdv09x3w"]}]}},"_links":{"self":[{"href":"https:\/\/tiaguiar.com\/index.php\/wp-json\/wp\/v2\/pages\/100","targetHints":{"allow":["GET"]}}],"collection":[{"href":"https:\/\/tiaguiar.com\/index.php\/wp-json\/wp\/v2\/pages"}],"about":[{"href":"https:\/\/tiaguiar.com\/index.php\/wp-json\/wp\/v2\/types\/page"}],"author":[{"embeddable":true,"href":"https:\/\/tiaguiar.com\/index.php\/wp-json\/wp\/v2\/users\/1"}],"replies":[{"embeddable":true,"href":"https:\/\/tiaguiar.com\/index.php\/wp-json\/wp\/v2\/comments?post=100"}],"version-history":[{"count":4,"href":"https:\/\/tiaguiar.com\/index.php\/wp-json\/wp\/v2\/pages\/100\/revisions"}],"predecessor-version":[{"id":7341,"href":"https:\/\/tiaguiar.com\/index.php\/wp-json\/wp\/v2\/pages\/100\/revisions\/7341"}],"wp:attachment":[{"href":"https:\/\/tiaguiar.com\/index.php\/wp-json\/wp\/v2\/media?parent=100"}],"curies":[{"name":"wp","href":"https:\/\/api.w.org\/{rel}","templated":true}]}}