{"id":10,"date":"2019-06-23T22:45:38","date_gmt":"2019-06-24T01:45:38","guid":{"rendered":"http:\/\/tiaguiar.com\/?page_id=10"},"modified":"2026-02-05T07:53:35","modified_gmt":"2026-02-05T10:53:35","slug":"contato","status":"publish","type":"page","link":"https:\/\/tiaguiar.com\/index.php\/contato\/","title":{"rendered":"CONTATO COM DR. TIAGO"},"content":{"rendered":"\n<p>Entre em contato para agendar uma consulta, um retorno, enviar um exame ou tirar uma d\u00favida. Tenho v\u00e1rios canais para comunica\u00e7\u00e3o e procuro responder assim que poss\u00edvel, com a finalidade de deixar o paciente sempre seguro e amparado.<\/p>\n\n\n\n<h2 class=\"wp-block-heading has-text-align-center\">CONTATO POR WHATSAPP <\/h2>\n\n\n\n<h2 class=\"wp-block-heading has-text-align-center\"><a href=\"https:\/\/wa.me\/5519971115737?text=Ol\u00e1, gostaria de agendar uma consulta com o Dr. Tiago Aguiar\">(19)97111-5737<\/a><\/h2>\n\n\n\n<p>As secret\u00e1rias do consult\u00f3rio o(a) atender\u00e3o com prazer se voc\u00ea <a href=\"https:\/\/w.app\/mlmujr\">mandar uma mensagem pelo Whasapp<\/a> <img loading=\"lazy\" decoding=\"async\" width=\"20\" height=\"20\" class=\"wp-image-650\" style=\"width: 20px;\" src=\"https:\/\/tiaguiar.com\/wp-content\/uploads\/2019\/07\/whatsapp-e1563076706536.png\" alt=\"\">. \u00c9 um meio \u00f3timo para agendar, confirmar, remarcar ou cancelar consultas. Se quiser me mandar um recado ou tirar uma d\u00favida, fique \u00e0 vontade. As secret\u00e1rias me repassar\u00e3o a mensagem e responderei assim que poss\u00edvel.<\/p>\n\n\n\n<h2 class=\"wp-block-heading has-text-align-center\">CONTATO POR TELEFONE<\/h2>\n\n\n\n<p>Com o intuito de agendar, confirmar, remarcar ou cancelar consultas, assim como transmitir-me recados ou tirar d\u00favidas, voc\u00ea pode tamb\u00e9m entrar em contato pelo telefone do consult\u00f3rio.<\/p>\n\n\n\n<figure class=\"wp-block-image alignwide\"><a href=\"tel: 34372511\"><img decoding=\"async\" src=\"https:\/\/tiaguiar.com\/wp-content\/uploads\/2019\/07\/smartphone.jpg\" alt=\"contato telefone\" class=\"wp-image-563\"\/><\/a><\/figure>\n\n\n\n<p>Telefone Consult\u00f3rio: <a href=\"tel: 19 34372511\">(19) 3437-2511<\/a> \ud83d\udcf2<\/p>\n\n\n\n<p>Al\u00e9m disso, temos nosso atendimento de urg\u00eancia, de segunda a sexta das 7:00hs \u00e0s 17:00. Mesmo que voc\u00ea n\u00e3o me encontre, haver\u00e1 sempre um m\u00e9dico do IUP para atend\u00ea-lo(a) e ajud\u00e1-lo(a), de tal forma que voc\u00ea sempre fique amparado por nossa equipe.<\/p>\n\n\n\n<p><\/p>\n\n\n\n<h2 class=\"wp-block-heading has-text-align-center\">CONTATO POR E-MAIL<\/h2>\n\n\n\n<p>Em terceiro lugar, existe um canal direto comigo atrav\u00e9s do e-mail. \u00c9 prov\u00e1vel que eu retorne rapidamente, por\u00e9m ressalto que posso estar em procedimentos cir\u00fargicos ou atendimentos de urg\u00eancia e assim, demorar um pouco pra responder.<\/p>\n\n\n\n<figure class=\"wp-block-image alignwide\"><a href=\"mailto: contato@tiaguiar.com\"><img decoding=\"async\" src=\"https:\/\/tiaguiar.com\/wp-content\/uploads\/2019\/07\/emails-1024x683.jpg\" alt=\"contato e-mail\" class=\"wp-image-557\"\/><\/a><\/figure>\n\n\n\n<p class=\"has-medium-font-size\">\u2709\ufe0e E-mail: <a href=\"mailto: contato@tiaguiar.com\">contato@tiaguiar.com<\/a><\/p>\n\n\n\n<h2 class=\"wp-block-heading has-text-align-center\">AGENDAMENTO ON-LINE<\/h2>\n\n\n\n<p>Em seguida, temos a op\u00e7\u00e3o de  agendamento online. Clique na imagem abaixo marque sua consulta.<\/p>\n\n\n\n<figure class=\"wp-block-image alignwide\"><a href=\"https:\/\/www.doctoralia.com.br\/tiago-aguiar-2\/urologista\/piracicaba\"><img loading=\"lazy\" decoding=\"async\" width=\"1024\" height=\"341\" src=\"https:\/\/tiaguiar.com\/wp-content\/uploads\/2019\/07\/arte-agenda-online-1024x341.png\" alt=\"contato agenda on-line\" class=\"wp-image-555\" srcset=\"https:\/\/tiaguiar.com\/wp-content\/uploads\/2019\/07\/arte-agenda-online-1024x341.png 1024w, https:\/\/tiaguiar.com\/wp-content\/uploads\/2019\/07\/arte-agenda-online-300x100.png 300w, https:\/\/tiaguiar.com\/wp-content\/uploads\/2019\/07\/arte-agenda-online-768x256.png 768w, https:\/\/tiaguiar.com\/wp-content\/uploads\/2019\/07\/arte-agenda-online-600x200.png 600w, https:\/\/tiaguiar.com\/wp-content\/uploads\/2019\/07\/arte-agenda-online.png 1140w\" sizes=\"auto, (max-width: 1024px) 100vw, 1024px\" \/><\/a><\/figure>\n\n\n\n<!-- Coloque este c\u00f3digo onde voc\u00ea quer que este bot\u00e3o apare\u00e7a. -->\n<a id=\"zl-url\" class=\"zl-url\" href=\"https:\/\/www.doctoralia.com.br\/tiago-aguiar-2\/urologista\/piracicaba\" rel=\"nofollow\" data-zlw-doctor=\"tiago-aguiar-2\" data-zlw-type=\"affixed_with_visits\" data-zlw-opinion=\"false\" data-zlw-hide-branding=\"true\">Tiago Aguiar &#8211; Doctoralia.com.br<\/a><script>!function($_x,_s,id){var js,fjs=$_x.getElementsByTagName(_s)[0];if(!$_x.getElementById(id)){js = $_x.createElement(_s);js.id = id;js.src = \"\/\/platform.docplanner.com\/js\/widget.js\";fjs.parentNode.insertBefore(js,fjs);}}(document,\"script\",\"zl-widget-s\");<\/script>\n\n\n\n<h2 class=\"wp-block-heading has-text-align-center\">CONV\u00caNIOS ATENDIDOS<\/h2>\n\n\n\n<p>O IUP realiza atendimento dos conv\u00eanios: Assefaz, Bradesco, Cabesp, Cassi, Cesp, Intermedici, Santa Casa, Sulam\u00e9rica e Unimed. Tamb\u00e9m nos dedicamos a consultas e procedimentos particulares.<\/p>\n\n\n\n<figure class=\"wp-block-image\"><img decoding=\"async\" src=\"https:\/\/tiaguiar.com\/wp-content\/uploads\/2019\/06\/Captura-de-Tela-2019-06-29-a\u0300s-23.15.10-1024x241.png\" alt=\"contato - conv\u00eanios\" class=\"wp-image-269\"\/><\/figure>\n\n\n\n<p><\/p>\n\n\n\n<h2 class=\"wp-block-heading has-text-align-center\"><img loading=\"lazy\" decoding=\"async\" width=\"60\" height=\"60\" class=\"wp-image-669\" style=\"width: 60px;\" src=\"https:\/\/tiaguiar.com\/wp-content\/uploads\/2019\/07\/kidney-black-e1563078568652.png\" alt=\"\">BLOG DE UROLOGIA<\/h2>\n\n\n\n<p>N\u00e3o deixe de visitar o <img loading=\"lazy\" decoding=\"async\" width=\"40\" height=\"40\" scale=\"0\" class=\"wp-image-670\" style=\"width: 40px;\" src=\"https:\/\/tiaguiar.com\/wp-content\/uploads\/2019\/07\/kidney-blue-e1563078624765.png\" alt=\"\"> <a href=\"https:\/\/tiaguiar.com\/index.php\/blog-de-urologia\/\">Blog de Urologia<\/a>. Assim pode informar-se sobre problemas urol\u00f3gicos mais comuns. Afim de transmitir conhecimento de maneira compreensivel, os conte\u00fados usam linguagem simples e muitas vezes v\u00eddeos e anima\u00e7\u00f5es. <\/p>\n\n\n\n<figure class=\"wp-block-gallery has-nested-images columns-default is-cropped wp-block-gallery-1 is-layout-flex wp-block-gallery-is-layout-flex\">\n<figure class=\"wp-block-image size-large\"><img decoding=\"async\" data-id=\"359\" src=\"https:\/\/tiaguiar.com\/wp-content\/uploads\/2019\/07\/atividade-fisica-idoso.jpg\" alt=\"\" class=\"wp-image-359\"\/><\/figure>\n<\/figure>\n","protected":false},"excerpt":{"rendered":"<p>Entre em contato para agendar uma consulta, um retorno, enviar um exame ou tirar uma d\u00favida. Tenho v\u00e1rios canais para comunica\u00e7\u00e3o e procuro responder assim que poss\u00edvel, com a finalidade de deixar o paciente sempre seguro e amparado. CONTATO POR WHATSAPP (19)97111-5737 As secret\u00e1rias do consult\u00f3rio o(a) atender\u00e3o com prazer [&hellip;]<\/p>\n","protected":false},"author":1,"featured_media":550,"parent":0,"menu_order":0,"comment_status":"closed","ping_status":"closed","template":"","meta":{"content-type":"","_monsterinsights_skip_tracking":false,"_monsterinsights_sitenote_active":false,"_monsterinsights_sitenote_note":"","_monsterinsights_sitenote_category":0,"_themeisle_gutenberg_block_has_review":false,"footnotes":""},"class_list":["post-10","page","type-page","status-publish","has-post-thumbnail","hentry"],"yoast_head":"<!-- This site is optimized with the Yoast SEO plugin v27.4 - https:\/\/yoast.com\/product\/yoast-seo-wordpress\/ -->\n<title>CONTATO COM DR. TIAGO - Urologista - Dr. Tiago Aguiar<\/title>\n<meta name=\"description\" content=\"Agende sua consulta ou entre em contato. Telefone: (19)3437-2511. Whatsapp (19)99210-1000 e (19)99276-7070. E-mail: contato@tiaguiar.com.\" \/>\n<meta name=\"robots\" content=\"index, follow, max-snippet:-1, max-image-preview:large, max-video-preview:-1\" \/>\n<link rel=\"canonical\" href=\"https:\/\/tiaguiar.com\/index.php\/contato\/\" \/>\n<meta property=\"og:locale\" content=\"pt_BR\" \/>\n<meta property=\"og:type\" content=\"article\" \/>\n<meta property=\"og:title\" content=\"CONTATO COM DR. TIAGO - Urologista - Dr. Tiago Aguiar\" \/>\n<meta property=\"og:description\" content=\"Agende sua consulta ou entre em contato. Telefone: (19)3437-2511. Whatsapp (19)99210-1000 e (19)99276-7070. E-mail: contato@tiaguiar.com.\" \/>\n<meta property=\"og:url\" content=\"https:\/\/tiaguiar.com\/index.php\/contato\/\" \/>\n<meta property=\"og:site_name\" content=\"Urologista - Dr. Tiago Aguiar\" \/>\n<meta property=\"article:publisher\" content=\"https:\/\/www.facebook.com\/dr.tiagoaguiar\" \/>\n<meta property=\"article:modified_time\" content=\"2026-02-05T10:53:35+00:00\" \/>\n<meta property=\"og:image\" content=\"https:\/\/tiaguiar.com\/wp-content\/uploads\/2019\/07\/banner-contato.jpeg\" \/>\n\t<meta property=\"og:image:width\" content=\"1653\" \/>\n\t<meta property=\"og:image:height\" content=\"714\" \/>\n\t<meta property=\"og:image:type\" content=\"image\/jpeg\" \/>\n<meta name=\"twitter:card\" content=\"summary_large_image\" \/>\n<meta name=\"twitter:label1\" content=\"Est. tempo de leitura\" \/>\n\t<meta name=\"twitter:data1\" content=\"4 minutos\" \/>\n<script type=\"application\/ld+json\" class=\"yoast-schema-graph\">{\"@context\":\"https:\\\/\\\/schema.org\",\"@graph\":[{\"@type\":\"WebPage\",\"@id\":\"https:\\\/\\\/tiaguiar.com\\\/index.php\\\/contato\\\/\",\"url\":\"https:\\\/\\\/tiaguiar.com\\\/index.php\\\/contato\\\/\",\"name\":\"CONTATO COM DR. TIAGO - Urologista - Dr. Tiago Aguiar\",\"isPartOf\":{\"@id\":\"https:\\\/\\\/tiaguiar.com\\\/#website\"},\"primaryImageOfPage\":{\"@id\":\"https:\\\/\\\/tiaguiar.com\\\/index.php\\\/contato\\\/#primaryimage\"},\"image\":{\"@id\":\"https:\\\/\\\/tiaguiar.com\\\/index.php\\\/contato\\\/#primaryimage\"},\"thumbnailUrl\":\"https:\\\/\\\/tiaguiar.com\\\/wp-content\\\/uploads\\\/2019\\\/07\\\/banner-contato.jpeg\",\"datePublished\":\"2019-06-24T01:45:38+00:00\",\"dateModified\":\"2026-02-05T10:53:35+00:00\",\"description\":\"Agende sua consulta ou entre em contato. Telefone: (19)3437-2511. Whatsapp (19)99210-1000 e (19)99276-7070. E-mail: contato@tiaguiar.com.\",\"breadcrumb\":{\"@id\":\"https:\\\/\\\/tiaguiar.com\\\/index.php\\\/contato\\\/#breadcrumb\"},\"inLanguage\":\"pt-BR\",\"potentialAction\":[{\"@type\":\"ReadAction\",\"target\":[\"https:\\\/\\\/tiaguiar.com\\\/index.php\\\/contato\\\/\"]}]},{\"@type\":\"ImageObject\",\"inLanguage\":\"pt-BR\",\"@id\":\"https:\\\/\\\/tiaguiar.com\\\/index.php\\\/contato\\\/#primaryimage\",\"url\":\"https:\\\/\\\/tiaguiar.com\\\/wp-content\\\/uploads\\\/2019\\\/07\\\/banner-contato.jpeg\",\"contentUrl\":\"https:\\\/\\\/tiaguiar.com\\\/wp-content\\\/uploads\\\/2019\\\/07\\\/banner-contato.jpeg\",\"width\":1653,\"height\":714,\"caption\":\"contato\"},{\"@type\":\"BreadcrumbList\",\"@id\":\"https:\\\/\\\/tiaguiar.com\\\/index.php\\\/contato\\\/#breadcrumb\",\"itemListElement\":[{\"@type\":\"ListItem\",\"position\":1,\"name\":\"In\u00edcio\",\"item\":\"https:\\\/\\\/tiaguiar.com\\\/\"},{\"@type\":\"ListItem\",\"position\":2,\"name\":\"CONTATO COM DR. TIAGO\"}]},{\"@type\":\"WebSite\",\"@id\":\"https:\\\/\\\/tiaguiar.com\\\/#website\",\"url\":\"https:\\\/\\\/tiaguiar.com\\\/\",\"name\":\"Urologista - Dr. Tiago Aguiar\",\"description\":\"Urologista Piracicaba\",\"publisher\":{\"@id\":\"https:\\\/\\\/tiaguiar.com\\\/#organization\"},\"potentialAction\":[{\"@type\":\"SearchAction\",\"target\":{\"@type\":\"EntryPoint\",\"urlTemplate\":\"https:\\\/\\\/tiaguiar.com\\\/?s={search_term_string}\"},\"query-input\":{\"@type\":\"PropertyValueSpecification\",\"valueRequired\":true,\"valueName\":\"search_term_string\"}}],\"inLanguage\":\"pt-BR\"},{\"@type\":\"Organization\",\"@id\":\"https:\\\/\\\/tiaguiar.com\\\/#organization\",\"name\":\"Dr. Tiago Aguiar\",\"url\":\"https:\\\/\\\/tiaguiar.com\\\/\",\"logo\":{\"@type\":\"ImageObject\",\"inLanguage\":\"pt-BR\",\"@id\":\"https:\\\/\\\/tiaguiar.com\\\/#\\\/schema\\\/logo\\\/image\\\/\",\"url\":\"https:\\\/\\\/tiaguiar.com\\\/wp-content\\\/uploads\\\/2019\\\/06\\\/Logo.png\",\"contentUrl\":\"https:\\\/\\\/tiaguiar.com\\\/wp-content\\\/uploads\\\/2019\\\/06\\\/Logo.png\",\"width\":832,\"height\":146,\"caption\":\"Dr. Tiago Aguiar\"},\"image\":{\"@id\":\"https:\\\/\\\/tiaguiar.com\\\/#\\\/schema\\\/logo\\\/image\\\/\"},\"sameAs\":[\"https:\\\/\\\/www.facebook.com\\\/dr.tiagoaguiar\",\"https:\\\/\\\/www.instagram.com\\\/dr.tiagoaguiar\\\/\",\"https:\\\/\\\/www.youtube.com\\\/channel\\\/UCeaku16SlKgJJbQfdv09x3w\"]}]}<\/script>\n<!-- \/ Yoast SEO plugin. -->","yoast_head_json":{"title":"CONTATO COM DR. TIAGO - Urologista - Dr. Tiago Aguiar","description":"Agende sua consulta ou entre em contato. Telefone: (19)3437-2511. Whatsapp (19)99210-1000 e (19)99276-7070. E-mail: contato@tiaguiar.com.","robots":{"index":"index","follow":"follow","max-snippet":"max-snippet:-1","max-image-preview":"max-image-preview:large","max-video-preview":"max-video-preview:-1"},"canonical":"https:\/\/tiaguiar.com\/index.php\/contato\/","og_locale":"pt_BR","og_type":"article","og_title":"CONTATO COM DR. TIAGO - Urologista - Dr. Tiago Aguiar","og_description":"Agende sua consulta ou entre em contato. Telefone: (19)3437-2511. Whatsapp (19)99210-1000 e (19)99276-7070. E-mail: contato@tiaguiar.com.","og_url":"https:\/\/tiaguiar.com\/index.php\/contato\/","og_site_name":"Urologista - Dr. Tiago Aguiar","article_publisher":"https:\/\/www.facebook.com\/dr.tiagoaguiar","article_modified_time":"2026-02-05T10:53:35+00:00","og_image":[{"width":1653,"height":714,"url":"https:\/\/tiaguiar.com\/wp-content\/uploads\/2019\/07\/banner-contato.jpeg","type":"image\/jpeg"}],"twitter_card":"summary_large_image","twitter_misc":{"Est. tempo de leitura":"4 minutos"},"schema":{"@context":"https:\/\/schema.org","@graph":[{"@type":"WebPage","@id":"https:\/\/tiaguiar.com\/index.php\/contato\/","url":"https:\/\/tiaguiar.com\/index.php\/contato\/","name":"CONTATO COM DR. TIAGO - Urologista - Dr. Tiago Aguiar","isPartOf":{"@id":"https:\/\/tiaguiar.com\/#website"},"primaryImageOfPage":{"@id":"https:\/\/tiaguiar.com\/index.php\/contato\/#primaryimage"},"image":{"@id":"https:\/\/tiaguiar.com\/index.php\/contato\/#primaryimage"},"thumbnailUrl":"https:\/\/tiaguiar.com\/wp-content\/uploads\/2019\/07\/banner-contato.jpeg","datePublished":"2019-06-24T01:45:38+00:00","dateModified":"2026-02-05T10:53:35+00:00","description":"Agende sua consulta ou entre em contato. Telefone: (19)3437-2511. Whatsapp (19)99210-1000 e (19)99276-7070. E-mail: contato@tiaguiar.com.","breadcrumb":{"@id":"https:\/\/tiaguiar.com\/index.php\/contato\/#breadcrumb"},"inLanguage":"pt-BR","potentialAction":[{"@type":"ReadAction","target":["https:\/\/tiaguiar.com\/index.php\/contato\/"]}]},{"@type":"ImageObject","inLanguage":"pt-BR","@id":"https:\/\/tiaguiar.com\/index.php\/contato\/#primaryimage","url":"https:\/\/tiaguiar.com\/wp-content\/uploads\/2019\/07\/banner-contato.jpeg","contentUrl":"https:\/\/tiaguiar.com\/wp-content\/uploads\/2019\/07\/banner-contato.jpeg","width":1653,"height":714,"caption":"contato"},{"@type":"BreadcrumbList","@id":"https:\/\/tiaguiar.com\/index.php\/contato\/#breadcrumb","itemListElement":[{"@type":"ListItem","position":1,"name":"In\u00edcio","item":"https:\/\/tiaguiar.com\/"},{"@type":"ListItem","position":2,"name":"CONTATO COM DR. TIAGO"}]},{"@type":"WebSite","@id":"https:\/\/tiaguiar.com\/#website","url":"https:\/\/tiaguiar.com\/","name":"Urologista - Dr. Tiago Aguiar","description":"Urologista Piracicaba","publisher":{"@id":"https:\/\/tiaguiar.com\/#organization"},"potentialAction":[{"@type":"SearchAction","target":{"@type":"EntryPoint","urlTemplate":"https:\/\/tiaguiar.com\/?s={search_term_string}"},"query-input":{"@type":"PropertyValueSpecification","valueRequired":true,"valueName":"search_term_string"}}],"inLanguage":"pt-BR"},{"@type":"Organization","@id":"https:\/\/tiaguiar.com\/#organization","name":"Dr. Tiago Aguiar","url":"https:\/\/tiaguiar.com\/","logo":{"@type":"ImageObject","inLanguage":"pt-BR","@id":"https:\/\/tiaguiar.com\/#\/schema\/logo\/image\/","url":"https:\/\/tiaguiar.com\/wp-content\/uploads\/2019\/06\/Logo.png","contentUrl":"https:\/\/tiaguiar.com\/wp-content\/uploads\/2019\/06\/Logo.png","width":832,"height":146,"caption":"Dr. Tiago Aguiar"},"image":{"@id":"https:\/\/tiaguiar.com\/#\/schema\/logo\/image\/"},"sameAs":["https:\/\/www.facebook.com\/dr.tiagoaguiar","https:\/\/www.instagram.com\/dr.tiagoaguiar\/","https:\/\/www.youtube.com\/channel\/UCeaku16SlKgJJbQfdv09x3w"]}]}},"_links":{"self":[{"href":"https:\/\/tiaguiar.com\/index.php\/wp-json\/wp\/v2\/pages\/10","targetHints":{"allow":["GET"]}}],"collection":[{"href":"https:\/\/tiaguiar.com\/index.php\/wp-json\/wp\/v2\/pages"}],"about":[{"href":"https:\/\/tiaguiar.com\/index.php\/wp-json\/wp\/v2\/types\/page"}],"author":[{"embeddable":true,"href":"https:\/\/tiaguiar.com\/index.php\/wp-json\/wp\/v2\/users\/1"}],"replies":[{"embeddable":true,"href":"https:\/\/tiaguiar.com\/index.php\/wp-json\/wp\/v2\/comments?post=10"}],"version-history":[{"count":44,"href":"https:\/\/tiaguiar.com\/index.php\/wp-json\/wp\/v2\/pages\/10\/revisions"}],"predecessor-version":[{"id":7439,"href":"https:\/\/tiaguiar.com\/index.php\/wp-json\/wp\/v2\/pages\/10\/revisions\/7439"}],"wp:featuredmedia":[{"embeddable":true,"href":"https:\/\/tiaguiar.com\/index.php\/wp-json\/wp\/v2\/media\/550"}],"wp:attachment":[{"href":"https:\/\/tiaguiar.com\/index.php\/wp-json\/wp\/v2\/media?parent=10"}],"curies":[{"name":"wp","href":"https:\/\/api.w.org\/{rel}","templated":true}]}}